?
3230012
What is -212412 (base 5) in base 12?
-4228
What is -554a (base 12) in base 10?
-9418
Convert -22101 (base 6) to base 4.
-233311
-50a1 (base 14) to base 7
-55261
What is 3746 (base 8) in base 9?
2686
Convert 15755 (base 12) to base 16.
76f1
What is 52906 (base 10) in base 12?
2674a
What is -c21 (base 13) in base 14?
-a6b
What is 126 (base 11) in base 2?
10010101
Convert 319 (base 13) to base 12.
381
What is -3770 (base 9) in base 10?
-2817
What is -3510 (base 6) in base 4?
-31002
1001100110011100 (base 2) to base 13
14b8c
What is 1514 (base 8) in base 11?
6a8
-1202311 (base 4) to base 8
-14265
Convert -78ba (base 14) to base 4.
-11013030
What is 977 (base 12) in base 5?
21022
What is -40a8 (base 16) in base 11?
-11488
What is -314432 (base 6) in base 15?
-7902
-901a (base 11) to base 16
-2ee0
What is 278 (base 11) in base 2?
101000111
What is 503 (base 11) in base 13?
37a
What is 24762 (base 9) in base 12?
9785
Convert 3523a (base 11) to base 14.
14771
What is -3267 (base 8) in base 12?
-bb3
Convert b41 (base 14) to base 13.
1013
Convert -5b4 (base 13) to base 9.
-1322
Convert -1243334 (base 5) to base 11.
-17736
14232 (base 6) to base 10
2252
Convert 101001000001111 (base 2) to base 7.
115150
-58 (base 15) to base 10
-83
Convert 2228 (base 11) to base 10.
2934
Convert -1104 (base 7) to base 16.
-18c
Convert -272a (base 15) to base 2.
-10000010101101
What is -1010010010000000 (base 2) in base 5?
-2321422
What is 1323 (base 6) in base 2?
101010011
Convert -101033 (base 4) to base 3.
-1111212
-244 (base 15) to base 3
-201001
What is -173b3 (base 15) in base 6?
-1335353
233132 (base 4) to base 16
bde
Convert 23430 (base 7) to base 5.
143143
Convert 66cd (base 14) to base 12.
a391
Convert -48145 (base 10) to base 7.
-260236
What is -14841 (base 12) in base 14?
-a729
What is -1321030 (base 4) in base 2?
-1111001001100
Convert 221502 (base 7) to base 16.
985e
What is -11000101001101 (base 2) in base 12?
-7379
What is 11055 (base 8) in base 13?
216c
What is -206 (base 12) in base 16?
-126
-1803 (base 14) to base 13
-1c6c
73 (base 16) to base 8
163
-4c02 (base 16) to base 15
-5b73
Convert 1802 (base 15) to base 12.
2bb5
-44 (base 5) to base 4
-120
Convert 13202 (base 4) to base 7.
1256
What is 58776 (base 9) in base 3?
1222212120
Convert 100001000100 (base 2) to base 4.
201010
What is -5516 (base 7) in base 5?
-30343
What is 10100111 (base 2) in base 13?
cb
Convert -3075 (base 13) to base 11.
-502a
Convert c3d (base 15) to base 8.
5306
What is 275 (base 16) in base 6?
2525
Convert -122112211 (base 3) to base 9.
-18484
What is -104440 (base 5) in base 4?
-322201
-323104 (base 5) to base 7
-44104
Convert -c429 (base 15) to base 5.
-2311224
What is 2579 (base 15) in base 5?
223424
What is -139 (base 13) in base 14?
-117
Convert 16c (base 13) to base 16.
103
Convert -16e (base 16) to base 11.
-303
Convert -1033023 (base 4) to base 7.
-20526
4665 (base 7) to base 11
1318
-1661c (base 13) to base 5
-2332112
-20a8 (base 13) to base 12
-2758
What is -2331 (base 5) in base 4?
-11111
What is 10000110001110 (base 2) in base 8?
20616
What is -a54 (base 13) in base 9?
-2364
Convert -115 (base 6) to base 7.
-65
What is 442333 (base 6) in base 10?
36849
-322 (base 13) to base 11
-447
Convert -2756 (base 8) to base 10.
-1518
What is -954 (base 15) in base 11?
-1643
What is -40d (base 14) in base 7?
-2216
Convert 4bb (base 14) to base 2.
1110110101
What is 11631 (base 8) in base 5?
130032
Convert -122 (base 9) to base 16.
-65
Convert 624 (base 14) to base 15.
558
What is -4268 (base 16) in base 7?
-100364
Convert -138 (base 11) to base 4.
-2202
-ba2 (base 13) to base 16
-7c7
-11432 (base 5) to base 3
-1012010
Convert 1a13 (base 11) to base 16.
9fb
What is -10241 (base 5) in base 3?
-221210
Convert 11454 (base 6) to base 8.
3232
643 (base 12) to base 9
1226
Convert 5145 (base 7) to base 6.
12153
60c (base 16) to base 10
1548
Convert -203240 (base 5) to base 4.
-1220213
3020 (base 6) to base 15
2e0
-1310 (base 4) to base 7
-224
Convert 1656 (base 11) to base 5.
31433
Convert -6993 (base 14) to base 3.
-221011220
What is -1399 (base 16) in base 5?
-130032
What is 2a51 (base 13) in base 12?
3686
Convert 958 (base 13) to base 4.
120322
Convert -2360 (base 16) to base 14.
-342c
1341 (base 6) to base 7
1006
Convert -1876 (base 10) to base 3.
-2120111
134244 (base 6) to base 13
5995
Convert -41323 (base 5) to base 2.
-101010011001
-3312 (base 6) to base 16
-2fc
Convert -24102 (base 5) to base 12.
-1041
-253435 (base 6) to base 4
-11210333
116 (base 7) to base 10
62
What is 12795 (base 10) in base 3?
122112220
What is 168c (base 13) in base 4?
303333
What is -33433 (base 5) in base 12?
-1454
What is -311324 (base 5) in base 4?
-2133212
What is 7e44 (base 16) in base 8?
77104
31dc (base 16) to base 4
3013130
-33160 (base 9) to base 16
-55f5
-3034 (base 5) to base 4
-12022
880 (base 14) to base 9
2266
What is -191 (base 16) in base 13?
-24b
What is -6547 (base 10) in base 7?
-25042
Convert -22445 (base 9) to base 6.
-153105
Convert 4e7 (base 16) to base 3.
1201111
What is 135300 (base 6) in base 4?
3020310
What is 5096 (base 12) in base 6?
104310
Convert -6bac (base 15) to base 14.
-84ab
Convert 4543 (base 12) to base 13.
3660
2da3 (base 14) to base 13
3952
254 (base 14) to base 12
32a
Convert 46 (base 15) to base 10.
66
-40 (base 10) to base 9
-44
1438 (base 9) to base 14
57a
14ca (base 14) to base 7
13543
Convert -70 (base 11) to base 4.
-1031
-1002002122 (base 3) to base 11
-14a34
130230 (base 4) to base 11
141a
-819 (base 11) to base 4
-33130
-12143 (base 5) to base 6
-4135
Convert 10100010101000 (base 2) to base 9.
15244
Convert 227 (base 15) to base 12.
347
Convert -1111110010 (base 2) to base 12.
-702
5087 (base 12) to base 9
12884
Convert 4334 (base 6) to base 15.
464
What is 650 (base 14) in base 10?
1246
What is -716 (base 8) in base 2?
-111001110
-730 (base 9) to base 16
-252
-25460 (base 10) to base 16
-6374
What is -a3 (base 11) in base 6?
-305
1614 (base 8) to base 5
12113
What is -101122001 (base 3) in base 11?
-5906
-1751 (base 8) to base 6
-4345
-13437 (base 8) to base 2
-1011100011111
Convert 2033 (base 4) to base 7.
263
What is -1211101 (base 3) in base 11?
-1002
Convert -16b (base 15) to base 13.
-1c1
What is -2221000 (base 3) in base 5?
-32013
-22110112 (base 3) to base 10
-6170
Convert 29b (base 15) to base 7.
1511
-201110 (base 3) to base 4
-20031
Convert 54eb (base 15) to base 10.
17996
-44013 (base 5) to base 7
-11525
34250 (base 7) to base 6
104152
Convert 393a (base 14) to base 7.
41203
Convert 20231 (base 4) to base 12.
3a5
1210 (base 3) to base 8
60
3628 (base 9) to base 13
12c8
What is -43617 (base 8) in base 13?
-8452
What is -7736 (base 16) in base 8?
-73466
Convert 2a052 (base 12) to base 14.
17610
-15212 (base 10) to base 7
-62231
-121220 (base 3) to base 12
-320
Convert 1022 (base 7) to base 6.
1355
What is 23200 (base 4) in base 5?
10421
What is -d32 (base 16) in base 12?
-1b56
What is -843 (base 11) in base 6?
-4411
What is 1504 (base 7) in base 11?
499
Convert 100101011011110 (base 2) to base 12.
b112
What is 12232 (base 5) in base 12?
666
Convert 47277 (base 8) to base 6.
233155
What is 103 (base 4) in base 5?
34
What is -2122020 (base 3) in base 12?
-1143
What is -636 (base 8) in base 12?
-2a6
-4584 (base 10) to base 4
-1013220
What is -420 (base 9) in base 16?
-156
Convert -11320002 (base 4) to base 16.
-5e02
What is 11000110001 (base 2) in base 8?
3061
5ce (base 16) to base 12
a3a
Convert 10409 (base 13) to base 14.
a930
What is 271 (base 10) in base 13?
17b
What is 120010 (base 3) in base 7?
1122
What is -10011001101 (base 3) in base 2?
-1111001000110010
Convert 215 (base 8) to base 14.
a1
15aa (base 12) to base 10
2578
What is 3600 (base 9) in base 3?
10200000
-12232 (base 5) to base 7
-2514
What is -244150 (base 6) in base 16?
-54a2
What is -10010100111 (base 2) in base 15?
-546
What is 573 (base 11) in base 6?
3101
What is 1024 (base 6) in base 14?
128
What is 412 (base 7) in base 11?
177
What is -848 (base 10) in base 2?
-1101010000
Convert -139 (base 16) to base 13.
-1b1
What is 121000000 (base 3) in base 13?
5403
144 (base 14) to base 3
100111
Convert 111010101011 (base 2) to base 13.
192b
-201101110 (base 3) to base